{"id":664,"date":"2025-10-28T17:50:00","date_gmt":"2025-10-28T17:50:00","guid":{"rendered":"https:\/\/celebration-click.de\/?page_id=664"},"modified":"2025-10-29T18:58:30","modified_gmt":"2025-10-29T18:58:30","slug":"leistung-fotospiegel","status":"publish","type":"page","link":"https:\/\/celebration-click.de\/?page_id=664","title":{"rendered":"Fotospiegel"},"content":{"rendered":"\t\t<div data-elementor-type=\"wp-page\" data-elementor-id=\"664\" class=\"elementor elementor-664\" data-elementor-post-type=\"page\">\n\t\t\t\t<div class=\"elementor-element elementor-element-3c29a68 e-flex e-con-boxed e-con e-parent\" data-id=\"3c29a68\" data-element_type=\"container\" data-e-type=\"container\">\n\t\t\t\t\t<div class=\"e-con-inner\">\n\t\t\t\t<div class=\"elementor-element elementor-element-0b2ceb2 elementor-widget-divider--view-line elementor-widget elementor-widget-divider\" data-id=\"0b2ceb2\" data-element_type=\"widget\" data-e-type=\"widget\" data-widget_type=\"divider.default\">\n\t\t\t\t<div class=\"elementor-widget-container\">\n\t\t\t\t\t\t\t<div class=\"elementor-divider\">\n\t\t\t<span class=\"elementor-divider-separator\">\n\t\t\t\t\t\t<\/span>\n\t\t<\/div>\n\t\t\t\t\t\t<\/div>\n\t\t\t\t<\/div>\n\t\t\t\t\t<\/div>\n\t\t\t\t<\/div>\n\t\t<div class=\"elementor-element elementor-element-186ac1b e-grid e-con-boxed e-con e-parent\" data-id=\"186ac1b\" data-element_type=\"container\" data-e-type=\"container\">\n\t\t\t\t\t<div class=\"e-con-inner\">\n\t\t\t\t<div class=\"elementor-element elementor-element-8e2d1e3 elementor-widget elementor-widget-image\" data-id=\"8e2d1e3\" data-element_type=\"widget\" data-e-type=\"widget\" data-widget_type=\"image.default\">\n\t\t\t\t<div class=\"elementor-widget-container\">\n\t\t\t\t\t\t\t\t\t\t\t\t\t\t\t<img fetchpriority=\"high\" decoding=\"async\" width=\"768\" height=\"1024\" src=\"https:\/\/celebration-click.de\/wp-content\/uploads\/2025\/10\/AB626E51-9F88-4881-856D-68A3A03DEB1C-scaled.jpeg\" class=\"attachment-large size-large wp-image-623\" alt=\"\" srcset=\"https:\/\/celebration-click.de\/wp-content\/uploads\/2025\/10\/AB626E51-9F88-4881-856D-68A3A03DEB1C-scaled.jpeg 1920w, https:\/\/celebration-click.de\/wp-content\/uploads\/2025\/10\/AB626E51-9F88-4881-856D-68A3A03DEB1C-225x300.jpeg 225w\" sizes=\"(max-width: 768px) 100vw, 768px\" \/>\t\t\t\t\t\t\t\t\t\t\t\t\t\t\t<\/div>\n\t\t\t\t<\/div>\n\t\t\t\t<div class=\"elementor-element elementor-element-75eed3c elementor-widget elementor-widget-text-editor\" data-id=\"75eed3c\" data-element_type=\"widget\" data-e-type=\"widget\" data-widget_type=\"text-editor.default\">\n\t\t\t\t<div class=\"elementor-widget-container\">\n\t\t\t\t\t\t\t\t\t<h5>Leistungen im \u00dcberblick<\/h5>\n<p>Im Basispaket Fotospiegel sind folgende Leistungen inklusive:<\/p>\n<ul>\n<li>Auf-und Abbau<\/li>\n<li>Einweisung in den Fotospiegel<\/li>\n<li>Gro\u00dfe Auswahl an Requisiten<\/li>\n<li>Notfallkontakt w\u00e4hrend des Events<\/li>\n<li>400 Sofortausdrucke<\/li>\n<li>Personenleitsystem (Auswahl: schwarze oder rote Kordel)<\/li>\n<\/ul>\n<div>&nbsp;<\/div>\n<div>Leistung welche zum Basispaket hinzugebucht werden k\u00f6nnen:<\/div>\n<div>&nbsp;<\/div>\n<ul>\n<li>Online Galerie nach dem Event (4 Wochen g\u00fcltig)<\/li>\n<li>Individuelles Drucklayout<\/li>\n<li>Hintergrundsystem<\/li>\n<\/ul>\n<p><br><\/p>\t\t\t\t\t\t\t\t<\/div>\n\t\t\t\t<\/div>\n\t\t\t\t\t<\/div>\n\t\t\t\t<\/div>\n\t\t\t\t<\/div>\n\t\t","protected":false},"excerpt":{"rendered":"<p>Leistungen im \u00dcberblick Im Basispaket Fotospiegel sind folgende Leistungen inklusive: Auf-und Abbau Einweisung in den Fotospiegel Gro\u00dfe Auswahl an Requisiten Notfallkontakt w\u00e4hrend des Events 400 Sofortausdrucke Personenleitsystem (Auswahl: schwarze oder rote Kordel) &nbsp; Leistung welche zum Basispaket hinzugebucht werden k\u00f6nnen: &nbsp; Online Galerie nach dem Event (4 Wochen g\u00fcltig) Individuelles Drucklayout Hintergrundsystem<\/p>\n","protected":false},"author":1,"featured_media":0,"parent":0,"menu_order":0,"comment_status":"closed","ping_status":"closed","template":"","meta":{"footnotes":""},"class_list":["post-664","page","type-page","status-publish","hentry"],"_links":{"self":[{"href":"https:\/\/celebration-click.de\/index.php?rest_route=\/wp\/v2\/pages\/664","targetHints":{"allow":["GET"]}}],"collection":[{"href":"https:\/\/celebration-click.de\/index.php?rest_route=\/wp\/v2\/pages"}],"about":[{"href":"https:\/\/celebration-click.de\/index.php?rest_route=\/wp\/v2\/types\/page"}],"author":[{"embeddable":true,"href":"https:\/\/celebration-click.de\/index.php?rest_route=\/wp\/v2\/users\/1"}],"replies":[{"embeddable":true,"href":"https:\/\/celebration-click.de\/index.php?rest_route=%2Fwp%2Fv2%2Fcomments&post=664"}],"version-history":[{"count":23,"href":"https:\/\/celebration-click.de\/index.php?rest_route=\/wp\/v2\/pages\/664\/revisions"}],"predecessor-version":[{"id":788,"href":"https:\/\/celebration-click.de\/index.php?rest_route=\/wp\/v2\/pages\/664\/revisions\/788"}],"wp:attachment":[{"href":"https:\/\/celebration-click.de\/index.php?rest_route=%2Fwp%2Fv2%2Fmedia&parent=664"}],"curies":[{"name":"wp","href":"https:\/\/api.w.org\/{rel}","templated":true}]}}